vided by 11.
10
Suppose 0 = -116*d + 3*d + 3977 - 1378. Let u = -7 + 14. Calculate the remainder when d is divided by u.
2
Let n = -99 + 115. Calculate the remainder when 43 is divided by n.
11
Let o = 1 + 19. Calculate the remainder when o is divided by (-2 + -7)/(3/(-2)).
2
Let x = 34 + -35. Calculate the remainder when (x - 1)/(-6)*15*1 is divided by 3.
2
Let q = 657 - 641. Suppose -4*n + 3*y = -y - 264, -3*y - 320 = -5*n. Calculate the remainder when n is divided by q.
13
Let w(z) = -z**3 + 12*z**2 + 13*z - 9. Let o be w(13). Let p = 4 - o. Let h = p + 22. What is the remainder when h is divided by 19?
16
Let z = 18 - 18. Let m(u) be the first derivative of -u**2/2 + 8*u + 2. What is the remainder when m(z) is divided by 5?
3
Let k(r) = -r**3 + 2*r**2 + 3*r + 4. Let p be k(-2). Calculate the remainder when 48 is divided by 186/p - 1*4/14.
9
Let q = 209 - 176. What is the remainder when 626 is divided by q?
32
Calculate the remainder when (-2)/(4/(-8) + (-21)/(-43)) is divided by 25.
22
Let b be 17/(-4) + (-6)/(-24). What is the remainder when (-177)/(-7) - 4/14 is divided by (54/(-24))/(1/b)?
7
Let x(n) = 20*n**3 + n**2 + 2*n - 1. What is the remainder when x(2) is divided by 29?
22
Suppose 63*i - 39 - 1019 = -50. Let c(w) = -39*w. Calculate the remainder when c(-2) is divided by i.
14
Calculate the remainder when (-4577)/(-5) - 6/15 is divided by 17.
14
Suppose -2*f = -4*q - 62, -4*q - 44 + 7 = -f. Let d = f - -1. Let r = 247 - 170. What is the remainder when r is divided by d?
25
Suppose -36 = -2*o + 22. Suppose -m + l + 119 = -3*l, 9*l - 221 = -2*m. Calculate the remainder when m is divided by o.
28
Let y be 4/(-22) + (-70)/(-22). Suppose -3*v - y*j + 120 = 0, -v + 5*j + 15 = j. What is the remainder when (-21)/v + (-413)/(-5) is divided by 21?
19
Let p = -868 - -942. What is the remainder when p is divided by 4?
2
Let l = 4 - 4. Suppose l*p + 4*p = 324. Calculate the remainder when p is divided by 28.
25
Suppose -29*v + 241 + 252 = 0. Calculate the remainder when 441 is divided by v.
16
Suppose 5*o + 5*n - 54 + 14 = 0, -o - 2*n + 12 = 0. Calculate the remainder when 105 is divided by o.
1
Let q = -115 - -136. What is the remainder when 32 is divided by q?
11
Let b(o) = 8*o**2 - 26*o - 181. Suppose -4*l - 4*t + 72 = 0, 3*t + 98 = l + 4*l. Calculate the remainder when b(7) is divided by l.
10
Suppose 3*b - 135 = -3*a, 2*a = -3*b - 0*b + 90. Calculate the remainder when ((-178)/10)/1*(-6 - -1) is divided by a.
44
Let w = 365 + -358. What is the remainder when 73 is divided by w?
3
Calculate the remainder when 93 is divided by 5/(-5)*(-19 - 2) + -1.
13
Suppose 130*i - 141*i + 1012 = 0. What is the remainder when i is divided by 19?
16
Suppose 4*z + 8 = q, 5*q + 2*z = 3*z + 59. Suppose -8*m - q = -9*m. Let h(a) = -4*a + 2. Calculate the remainder when h(-4) is divided by m.
6
Let f = 8 + -24. What is the remainder when (1/1)/((-2)/f) is divided by (12/(-10))/(1/(-5))?
2
Let p be 1 - ((-5)/5 - 0). Suppose p*l = -12 + 66. What is the remainder when l is divided by 10?
7
Suppose 2*c - o - 317 = 0, 2*o = -3*c - 6 + 485. What is the remainder when c is divided by ((-6)/(-8))/(111/2960)?
19
What is the remainder when 225 is divided by 1*8*(5 - (-176)/(-128))?
22
Suppose 0 = -68*a + 76*a - 792. What is the remainder when a is divided by 35?
29
Let v = -109 + 265. Let t(u) = 147*u - 131. Calculate the remainder when v is divided by t(1).
12
Let b be (-30)/(-9) + (-2)/6. What is the remainder when 72 is divided by 37*3*1/b?
35
Let r = -475 + 481. Suppose 5*l - s = -3*s - 135, -2*l + 2*s = 54. Let u = 49 + l. What is the remainder when u is divided by r?
4
Calculate the remainder when (5831/(-34))/(2/(-4)) is divided by 111.
10
Suppose 45*j - 31*j = 2016. Calculate the remainder when j is divided by 38.
30
Let v(o) = 4*o**2 + 10 + 2*o**3 + 4*o - 3*o**3 - 4. Let x be v(5). Let c(p) = 9*p**3 - 2*p**2 + 2*p - 1. Calculate the remainder when 13 is divided by c(x).
5
Let y(d) = d**3 - d**2 + 2*d + 55. Let a be y(0). Suppose -4*h + 75 = h - 5*s, 0 = 5*h + 5*s - a. Calculate the remainder when 25 is divided by h.
12
Let s = 31 - 33. Calculate the remainder when 63 is divided by s/6 - ((-147)/9 + 3).
11
Calculate the remainder when 268 is divided by -1 + (-30)/9*(-18)/10.
3
Suppose 0*s + 3*s = 48. Let i(t) = t**3 + 19*t**2 - 19*t + 27. What is the remainder when s is divided by i(-20)?
2
Let i(h) = -2*h**2 + h - 12. Let s be i(0). Suppose -4*u = -o - 17, 4*o = 4*u + 7*o - 13. Calculate the remainder when s/(-9) - (-207)/27 is divided by u.
1
Suppose 0 = -3*z - z - 12, 3*r + 5*z + 24 = 0. Calculate the remainder when 84 is divided by 12/r*-8 + -3.
26
Let v(d) = 6 + 16*d**2 - d**3 + 9*d - 8*d**2 + 6*d - 11*d**2. What is the remainder when v(-6) is divided by 13?
11
Let q = 21 + -12. Suppose 2*a = a + 5*c + q, 2*c = 3*a - 66. Calculate the remainder when 95 is divided by a.
23
Let k = -1 - -1. Let d(n) be the third derivative of -n**6/120 + n**5/30 + n**3/2 - n**2 - 75. What is the remainder when 4 is divided by d(k)?
1
Let h(k) = 2*k**2 - 4*k + 18. Let b be -5 + 22/5 - (-33)/5. What is the remainder when 260 is divided by h(b)?
62
What is the remainder when 151 is divided by ((-2)/6)/((-75)/5850)?
21
Suppose 3*m + 3*s - 4*s = 60, 73 = 4*m + s. Calculate the remainder when 203 is divided by m.
13
Suppose 4*k - 43 + 3 = 0. Let r be 4/(10/5) - 2. Suppose 6*j = -r*j + 36. Calculate the remainder when k is divided by j.
4
Suppose 14*p - 35 = 525. Let h = 239 - 85. What is the remainder when h is divided by p?
34
Let n be ((-32)/(-12))/((-4)/(-24)). Suppose -l + 11 = 3*w, -3*l - 5*w + 7 = -14. Suppose l*v - n = -0*v. What is the remainder when 31 is divided by v?
7
Suppose -2*u + u - 7 = 0. Let a(p) = -p + 11. What is the remainder when 34 is divided by a(u)?
16
Suppose -g - 4 = 0, 0*j - 3*j = -2*g - 44. Suppose -2*p + 2*o = -68, 5*o + 68 = -0*p + 2*p. What is the remainder when p is divided by j?
10
Let f(k) = -k + 4. What is the remainder when (-1320)/(-70) - (-2)/14 is divided by f(2)?
1
What is the remainder when 604/3 + (-72)/216 is divided by 6?
3
Suppose 0 = v + n - 2*n - 11, 4*v + 4*n = 36. Let w = -36 - -55. What is the remainder when w is divided by v?
9
What is the remainder when 129 is divided by (-5)/((-105)/12) - 2177/(-49)?
39
Suppose 39*g + 17*g = 6104. Calculate the remainder when g is divided by 12.
1
Suppose 131*a - 128*a - 36 = 0. Calculate the remainder when 358 is divided by a.
10
Suppose 11*t - 2067 + 10 = 0. What is the remainder when t is divided by 51?
34
Suppose 3*a - 465 = -4*i, 412 + 51 = 4*i + 5*a. Calculate the remainder when 582 is divided by i.
114
Let q(l) = 14 - l**2 + 3*l - 3*l - 7*l. What is the remainder when q(-6) is divided by 6?
2
Suppose 2*t = 4*w + 58, 2*t = -3*w - 16 + 74. Suppose -f + 1 = -2*a - 10, t = 4*f - 3*a. What is the remainder when 17 is divided by f?
2
Let p = 587 - 429. What is the remainder when p is divided by 27?
23
Suppose -9 = 3*b, 7*w + 3*b - 11 = 2*w. Suppose -q = 2*g + w*q - 6, 4*g - 68 = 4*q. Calculate the remainder when 31 is divided by g.
5
Suppose -4*m = 4*a - 976, 12*m - 488 = -2*a + 9*m. What is the remainder when a is divided by 58?
12
Let l = -3645 + 3653. Suppose g + 3*g + f - 221 = 0, -2*g - 2*f = -112. Calculate the remainder when g is divided by l.
7
Suppose 5*h + 2*h = 161. Let r(c) = -c**3 + 20*c**2 + 25*c + 6. Calculate the remainder when r(21) is divided by h.
21
Suppose -154 = -4*o + 2*q, 2*q + 14 = -3*o + 112. Calculate the remainder when o is divided by 350/20 + (-6)/(-4).
17
Let r(i) = -5*i - 1. Let o be r(6). Let x = 67 - o. Let u = x + -11. What is the remainder when u is divided by 18?
15
Let s = 200 + -34. Calculate the remainder when s is divided by 19.
14
Let u(o) = -o**2 - 4*o - 1. Let l be u(-3). Let s(g) = 6*g - 1. Let r(d) = -d**3 + 5*d**2 + 6*d + 4. What is the remainder when s(l) is divided by r(6)?
3
Suppose 3*k = k + 8. Suppose -g - k = 0, -2*m + 90 = -g - 6. Calculate the remainder when m is divided by (-48)/(-14)*(-42)/(-6).
22
Suppose k - 2 = 0, 6 = -g + 3*k + 36. What is the remainder when 71 is divided by g?
35
Suppose a + 0*a = -5, -2*a - 118 = -4*u. Calculate the remainder when 268 is divided by u.
25
Let b = 166 + -73. Suppose v + 12*l - 23 = 10*l, -3*l - 4